{"id":18876,"date":"2026-08-28T17:37:44","date_gmt":"2026-08-28T15:37:44","guid":{"rendered":"https:\/\/alloraliving.com\/?post_type=product&#038;p=18876"},"modified":"2026-08-28T17:41:16","modified_gmt":"2026-08-28T15:41:16","slug":"oreiller-intreccio-2","status":"publish","type":"product","link":"https:\/\/alloraliving.com\/fr\/oreiller-intreccio-2\/","title":{"rendered":"Oreiller Intreccio"},"content":{"rendered":"","protected":false},"excerpt":{"rendered":"<p>Le coussin INTRECCIO est une touche raffin\u00e9e qui apporte de la profondeur et une douceur sensuelle \u00e0 chaque int\u00e9rieur. Confectionn\u00e9 dans un velours luxueux, il attire le regard gr\u00e2ce \u00e0 son motif en relief rappelant un tressage complexe. La lumi\u00e8re joue sur le tissu de velours, mettant en valeur sa texture tridimensionnelle et conf\u00e9rant \u00e0 l&rsquo;espace \u00e9l\u00e9gance et chaleur douillette. C&rsquo;est le d\u00e9tail qui vient harmonieusement parfaire tout espace de vie.<\/p>\n","protected":false},"featured_media":18758,"template":"","meta":[],"product_brand":[],"product_cat":[943],"product_tag":[],"class_list":["post-18876","product","type-product","status-publish","has-post-thumbnail","product_cat-coussins","first","instock","taxable","shipping-taxable","purchasable","product-type-variable","has-default-attributes","wvs-archive-product-wrapper"],"yoast_head":"<!-- This site is optimized with the Yoast SEO Premium plugin v28.3 (Yoast SEO v28.3) - https:\/\/yoast.com\/product\/yoast-seo-premium-wordpress\/ -->\n<title>Oreiller Intreccio - AlloraLiving.com<\/title>\n<meta name=\"robots\" content=\"index, follow, max-snippet:-1, max-image-preview:large, max-video-preview:-1\" \/>\n<link rel=\"canonical\" href=\"https:\/\/alloraliving.com\/fr\/oreiller-intreccio-2\/\" \/>\n<meta property=\"og:locale\" content=\"fr_FR\" \/>\n<meta property=\"og:type\" content=\"article\" \/>\n<meta property=\"og:title\" content=\"Oreiller Intreccio\" \/>\n<meta property=\"og:description\" content=\"Le coussin INTRECCIO est une touche raffin\u00e9e qui apporte de la profondeur et une douceur sensuelle \u00e0 chaque int\u00e9rieur. Confectionn\u00e9 dans un velours luxueux, il attire le regard gr\u00e2ce \u00e0 son motif en relief rappelant un tressage complexe. La lumi\u00e8re joue sur le tissu de velours, mettant en valeur sa texture tridimensionnelle et conf\u00e9rant \u00e0 l&#039;espace \u00e9l\u00e9gance et chaleur douillette. C&#039;est le d\u00e9tail qui vient harmonieusement parfaire tout espace de vie.\" \/>\n<meta property=\"og:url\" content=\"https:\/\/alloraliving.com\/fr\/oreiller-intreccio-2\/\" \/>\n<meta property=\"og:site_name\" content=\"AlloraLiving.com\" \/>\n<meta property=\"article:modified_time\" content=\"2026-08-28T15:41:16+00:00\" \/>\n<meta property=\"og:image\" content=\"https:\/\/alloraliving.com\/wp-content\/uploads\/Welurowa-poduszka-dekoracyjna-INTRECCIO-w-kolorze-oliwkowej-zieleni.gif\" \/>\n\t<meta property=\"og:image:width\" content=\"1600\" \/>\n\t<meta property=\"og:image:height\" content=\"1200\" \/>\n\t<meta property=\"og:image:type\" content=\"image\/gif\" \/>\n<meta name=\"twitter:card\" content=\"summary_large_image\" \/>\n<meta name=\"twitter:label1\" content=\"Disponibilit\u00e9\" \/>\n\t<meta name=\"twitter:data1\" content=\"En stock\" \/>\n<script type=\"application\/ld+json\" class=\"yoast-schema-graph\">{\"@context\":\"https:\\\/\\\/schema.org\",\"@graph\":[{\"@type\":[\"WebPage\",\"ItemPage\"],\"@id\":\"https:\\\/\\\/alloraliving.com\\\/fr\\\/oreiller-intreccio-2\\\/\",\"url\":\"https:\\\/\\\/alloraliving.com\\\/fr\\\/oreiller-intreccio-2\\\/\",\"name\":\"Oreiller Intreccio - AlloraLiving.com\",\"isPartOf\":{\"@id\":\"https:\\\/\\\/alloraliving.com\\\/fr\\\/#website\"},\"primaryImageOfPage\":{\"@id\":\"https:\\\/\\\/alloraliving.com\\\/fr\\\/oreiller-intreccio-2\\\/#primaryimage\"},\"image\":{\"@id\":\"https:\\\/\\\/alloraliving.com\\\/fr\\\/oreiller-intreccio-2\\\/#primaryimage\"},\"thumbnailUrl\":\"https:\\\/\\\/alloraliving.com\\\/wp-content\\\/uploads\\\/Welurowa-poduszka-dekoracyjna-INTRECCIO-w-kolorze-oliwkowej-zieleni.gif\",\"datePublished\":\"2026-08-28T15:37:44+00:00\",\"dateModified\":\"2026-08-28T15:41:16+00:00\",\"breadcrumb\":{\"@id\":\"https:\\\/\\\/alloraliving.com\\\/fr\\\/oreiller-intreccio-2\\\/#breadcrumb\"},\"inLanguage\":\"fr-FR\",\"potentialAction\":[{\"@type\":\"ReadAction\",\"target\":[\"https:\\\/\\\/alloraliving.com\\\/fr\\\/oreiller-intreccio-2\\\/\"]}]},{\"@type\":\"ImageObject\",\"inLanguage\":\"fr-FR\",\"@id\":\"https:\\\/\\\/alloraliving.com\\\/fr\\\/oreiller-intreccio-2\\\/#primaryimage\",\"url\":\"https:\\\/\\\/alloraliving.com\\\/wp-content\\\/uploads\\\/Welurowa-poduszka-dekoracyjna-INTRECCIO-w-kolorze-oliwkowej-zieleni.gif\",\"contentUrl\":\"https:\\\/\\\/alloraliving.com\\\/wp-content\\\/uploads\\\/Welurowa-poduszka-dekoracyjna-INTRECCIO-w-kolorze-oliwkowej-zieleni.gif\",\"width\":1600,\"height\":1200},{\"@type\":\"BreadcrumbList\",\"@id\":\"https:\\\/\\\/alloraliving.com\\\/fr\\\/oreiller-intreccio-2\\\/#breadcrumb\",\"itemListElement\":[{\"@type\":\"ListItem\",\"position\":1,\"name\":\"Strona g\u0142\u00f3wna\",\"item\":\"https:\\\/\\\/alloraliving.com\\\/fr\\\/\"},{\"@type\":\"ListItem\",\"position\":2,\"name\":\"Boutique\",\"item\":\"https:\\\/\\\/alloraliving.com\\\/fr\\\/?page_id=6496\"},{\"@type\":\"ListItem\",\"position\":3,\"name\":\"Oreiller Intreccio\"}]},{\"@type\":\"WebSite\",\"@id\":\"https:\\\/\\\/alloraliving.com\\\/fr\\\/#website\",\"url\":\"https:\\\/\\\/alloraliving.com\\\/fr\\\/\",\"name\":\"AlloraLiving.com\",\"description\":\"\",\"potentialAction\":[{\"@type\":\"SearchAction\",\"target\":{\"@type\":\"EntryPoint\",\"urlTemplate\":\"https:\\\/\\\/alloraliving.com\\\/fr\\\/?s={search_term_string}\"},\"query-input\":{\"@type\":\"PropertyValueSpecification\",\"valueRequired\":true,\"valueName\":\"search_term_string\"}}],\"inLanguage\":\"fr-FR\"}]}<\/script>\n<meta property=\"og:availability\" content=\"instock\" \/>\n<meta property=\"product:availability\" content=\"instock\" \/>\n<meta property=\"product:condition\" content=\"new\" \/>\n<!-- \/ Yoast SEO Premium plugin. -->","yoast_head_json":{"title":"Oreiller Intreccio - AlloraLiving.com","robots":{"index":"index","follow":"follow","max-snippet":"max-snippet:-1","max-image-preview":"max-image-preview:large","max-video-preview":"max-video-preview:-1"},"canonical":"https:\/\/alloraliving.com\/fr\/oreiller-intreccio-2\/","og_locale":"fr_FR","og_type":"article","og_title":"Oreiller Intreccio","og_description":"Le coussin INTRECCIO est une touche raffin\u00e9e qui apporte de la profondeur et une douceur sensuelle \u00e0 chaque int\u00e9rieur. Confectionn\u00e9 dans un velours luxueux, il attire le regard gr\u00e2ce \u00e0 son motif en relief rappelant un tressage complexe. La lumi\u00e8re joue sur le tissu de velours, mettant en valeur sa texture tridimensionnelle et conf\u00e9rant \u00e0 l'espace \u00e9l\u00e9gance et chaleur douillette. C'est le d\u00e9tail qui vient harmonieusement parfaire tout espace de vie.","og_url":"https:\/\/alloraliving.com\/fr\/oreiller-intreccio-2\/","og_site_name":"AlloraLiving.com","article_modified_time":"2026-08-28T15:41:16+00:00","og_image":[{"width":1600,"height":1200,"url":"https:\/\/alloraliving.com\/wp-content\/uploads\/Welurowa-poduszka-dekoracyjna-INTRECCIO-w-kolorze-oliwkowej-zieleni.gif","type":"image\/gif"}],"twitter_card":"summary_large_image","twitter_misc":{"Disponibilit\u00e9":"En stock"},"schema":{"@context":"https:\/\/schema.org","@graph":[{"@type":["WebPage","ItemPage"],"@id":"https:\/\/alloraliving.com\/fr\/oreiller-intreccio-2\/","url":"https:\/\/alloraliving.com\/fr\/oreiller-intreccio-2\/","name":"Oreiller Intreccio - AlloraLiving.com","isPartOf":{"@id":"https:\/\/alloraliving.com\/fr\/#website"},"primaryImageOfPage":{"@id":"https:\/\/alloraliving.com\/fr\/oreiller-intreccio-2\/#primaryimage"},"image":{"@id":"https:\/\/alloraliving.com\/fr\/oreiller-intreccio-2\/#primaryimage"},"thumbnailUrl":"https:\/\/alloraliving.com\/wp-content\/uploads\/Welurowa-poduszka-dekoracyjna-INTRECCIO-w-kolorze-oliwkowej-zieleni.gif","datePublished":"2026-08-28T15:37:44+00:00","dateModified":"2026-08-28T15:41:16+00:00","breadcrumb":{"@id":"https:\/\/alloraliving.com\/fr\/oreiller-intreccio-2\/#breadcrumb"},"inLanguage":"fr-FR","potentialAction":[{"@type":"ReadAction","target":["https:\/\/alloraliving.com\/fr\/oreiller-intreccio-2\/"]}]},{"@type":"ImageObject","inLanguage":"fr-FR","@id":"https:\/\/alloraliving.com\/fr\/oreiller-intreccio-2\/#primaryimage","url":"https:\/\/alloraliving.com\/wp-content\/uploads\/Welurowa-poduszka-dekoracyjna-INTRECCIO-w-kolorze-oliwkowej-zieleni.gif","contentUrl":"https:\/\/alloraliving.com\/wp-content\/uploads\/Welurowa-poduszka-dekoracyjna-INTRECCIO-w-kolorze-oliwkowej-zieleni.gif","width":1600,"height":1200},{"@type":"BreadcrumbList","@id":"https:\/\/alloraliving.com\/fr\/oreiller-intreccio-2\/#breadcrumb","itemListElement":[{"@type":"ListItem","position":1,"name":"Strona g\u0142\u00f3wna","item":"https:\/\/alloraliving.com\/fr\/"},{"@type":"ListItem","position":2,"name":"Boutique","item":"https:\/\/alloraliving.com\/fr\/?page_id=6496"},{"@type":"ListItem","position":3,"name":"Oreiller Intreccio"}]},{"@type":"WebSite","@id":"https:\/\/alloraliving.com\/fr\/#website","url":"https:\/\/alloraliving.com\/fr\/","name":"AlloraLiving.com","description":"","potentialAction":[{"@type":"SearchAction","target":{"@type":"EntryPoint","urlTemplate":"https:\/\/alloraliving.com\/fr\/?s={search_term_string}"},"query-input":{"@type":"PropertyValueSpecification","valueRequired":true,"valueName":"search_term_string"}}],"inLanguage":"fr-FR"}]},"og_availability":"instock","product_availability":"instock","product_condition":"new"},"_links":{"self":[{"href":"https:\/\/alloraliving.com\/fr\/wp-json\/wp\/v2\/product\/18876","targetHints":{"allow":["GET"]}}],"collection":[{"href":"https:\/\/alloraliving.com\/fr\/wp-json\/wp\/v2\/product"}],"about":[{"href":"https:\/\/alloraliving.com\/fr\/wp-json\/wp\/v2\/types\/product"}],"wp:featuredmedia":[{"embeddable":true,"href":"https:\/\/alloraliving.com\/fr\/wp-json\/wp\/v2\/media\/18758"}],"wp:attachment":[{"href":"https:\/\/alloraliving.com\/fr\/wp-json\/wp\/v2\/media?parent=18876"}],"wp:term":[{"taxonomy":"product_brand","embeddable":true,"href":"https:\/\/alloraliving.com\/fr\/wp-json\/wp\/v2\/product_brand?post=18876"},{"taxonomy":"product_cat","embeddable":true,"href":"https:\/\/alloraliving.com\/fr\/wp-json\/wp\/v2\/product_cat?post=18876"},{"taxonomy":"product_tag","embeddable":true,"href":"https:\/\/alloraliving.com\/fr\/wp-json\/wp\/v2\/product_tag?post=18876"}],"curies":[{"name":"wp","href":"https:\/\/api.w.org\/{rel}","templated":true}]}}

<p>Le coussin INTRECCIO est une touche raffinée qui apporte de la profondeur et une douceur sensuelle à chaque intérieur. Confectionné dans un velours luxueux, il attire le regard grâce à son motif en relief rappelant un tressage complexe. La lumière joue sur le tissu de velours, mettant en valeur sa texture tridimensionnelle et conférant à l&rsquo;espace élégance et chaleur douillette. C&rsquo;est le détail qui vient harmonieusement parfaire tout espace de vie.</p>

<!-- This site is optimized with the Yoast SEO Premium plugin v28.3 (Yoast SEO v28.3) - https://yoast.com/product/yoast-seo-premium-wordpress/ -->
<title>Oreiller Intreccio - AlloraLiving.com</title>
<meta name="robots" content="index, follow, max-snippet:-1, max-image-preview:large, max-video-preview:-1" />
<link rel="canonical" href="https://alloraliving.com/fr/oreiller-intreccio-2/" />
<meta property="og:locale" content="fr_FR" />
<meta property="og:type" content="article" />
<meta property="og:title" content="Oreiller Intreccio" />
<meta property="og:description" content="Le coussin INTRECCIO est une touche raffinée qui apporte de la profondeur et une douceur sensuelle à chaque intérieur. Confectionné dans un velours luxueux, il attire le regard grâce à son motif en relief rappelant un tressage complexe. La lumière joue sur le tissu de velours, mettant en valeur sa texture tridimensionnelle et conférant à l&#039;espace élégance et chaleur douillette. C&#039;est le détail qui vient harmonieusement parfaire tout espace de vie." />
<meta property="og:url" content="https://alloraliving.com/fr/oreiller-intreccio-2/" />
<meta property="og:site_name" content="AlloraLiving.com" />
<meta property="article:modified_time" content="2026-08-28T15:41:16+00:00" />
<meta property="og:image" content="https://alloraliving.com/wp-content/uploads/Welurowa-poduszka-dekoracyjna-INTRECCIO-w-kolorze-oliwkowej-zieleni.gif" />
	<meta property="og:image:width" content="1600" />
	<meta property="og:image:height" content="1200" />
	<meta property="og:image:type" content="image/gif" />
<meta name="twitter:card" content="summary_large_image" />
<meta name="twitter:label1" content="Disponibilité" />
	<meta name="twitter:data1" content="En stock" />
<script type="application/ld+json" class="yoast-schema-graph">{"@context":"https:\/\/schema.org","@graph":[{"@type":["WebPage","ItemPage"],"@id":"https:\/\/alloraliving.com\/fr\/oreiller-intreccio-2\/","url":"https:\/\/alloraliving.com\/fr\/oreiller-intreccio-2\/","name":"Oreiller Intreccio - AlloraLiving.com","isPartOf":{"@id":"https:\/\/alloraliving.com\/fr\/#website"},"primaryImageOfPage":{"@id":"https:\/\/alloraliving.com\/fr\/oreiller-intreccio-2\/#primaryimage"},"image":{"@id":"https:\/\/alloraliving.com\/fr\/oreiller-intreccio-2\/#primaryimage"},"thumbnailUrl":"https:\/\/alloraliving.com\/wp-content\/uploads\/Welurowa-poduszka-dekoracyjna-INTRECCIO-w-kolorze-oliwkowej-zieleni.gif","datePublished":"2026-08-28T15:37:44+00:00","dateModified":"2026-08-28T15:41:16+00:00","breadcrumb":{"@id":"https:\/\/alloraliving.com\/fr\/oreiller-intreccio-2\/#breadcrumb"},"inLanguage":"fr-FR","potentialAction":[{"@type":"ReadAction","target":["https:\/\/alloraliving.com\/fr\/oreiller-intreccio-2\/"]}]},{"@type":"ImageObject","inLanguage":"fr-FR","@id":"https:\/\/alloraliving.com\/fr\/oreiller-intreccio-2\/#primaryimage","url":"https:\/\/alloraliving.com\/wp-content\/uploads\/Welurowa-poduszka-dekoracyjna-INTRECCIO-w-kolorze-oliwkowej-zieleni.gif","contentUrl":"https:\/\/alloraliving.com\/wp-content\/uploads\/Welurowa-poduszka-dekoracyjna-INTRECCIO-w-kolorze-oliwkowej-zieleni.gif","width":1600,"height":1200},{"@type":"BreadcrumbList","@id":"https:\/\/alloraliving.com\/fr\/oreiller-intreccio-2\/#breadcrumb","itemListElement":[{"@type":"ListItem","position":1,"name":"Strona główna","item":"https:\/\/alloraliving.com\/fr\/"},{"@type":"ListItem","position":2,"name":"Boutique","item":"https:\/\/alloraliving.com\/fr\/?page_id=6496"},{"@type":"ListItem","position":3,"name":"Oreiller Intreccio"}]},{"@type":"WebSite","@id":"https:\/\/alloraliving.com\/fr\/#website","url":"https:\/\/alloraliving.com\/fr\/","name":"AlloraLiving.com","description":"","potentialAction":[{"@type":"SearchAction","target":{"@type":"EntryPoint","urlTemplate":"https:\/\/alloraliving.com\/fr\/?s={search_term_string}"},"query-input":{"@type":"PropertyValueSpecification","valueRequired":true,"valueName":"search_term_string"}}],"inLanguage":"fr-FR"}]}</script>
<meta property="og:availability" content="instock" />
<meta property="product:availability" content="instock" />
<meta property="product:condition" content="new" />
<!-- / Yoast SEO Premium plugin. -->

Le coussin INTRECCIO est une touche raffinée qui apporte de la profondeur et une douceur sensuelle à chaque intérieur. Confectionné dans un velours luxueux, il attire le regard grâce à son motif en relief rappelant un tressage complexe. La lumière joue sur le tissu de velours, mettant en valeur sa texture tridimensionnelle et conférant à l'espace élégance et chaleur douillette. C'est le détail qui vient harmonieusement parfaire tout espace de vie.

Strona główna
